 of 44 and 451?
11
What is the highest common factor of 110 and 750?
10
Calculate the greatest common divisor of 2295 and 130.
5
What is the highest common factor of 21 and 6?
3
What is the greatest common factor of 236 and 124?
4
Calculate the greatest common divisor of 440 and 55.
55
What is the greatest common factor of 18 and 52902?
18
Calculate the greatest common divisor of 1542 and 12.
6
Calculate the greatest common divisor of 62 and 35061.
31
What is the highest common divisor of 833 and 21?
7
Calculate the highest common factor of 9 and 7.
1
Calculate the highest common divisor of 1098 and 2.
2
Calculate the greatest common factor of 18 and 306.
18
What is the highest common divisor of 108 and 180?
36
What is the greatest common divisor of 756 and 32?
4
Calculate the highest common divisor of 5307 and 366.
183
What is the highest common divisor of 41034 and 42?
42
What is the greatest common divisor of 432 and 1350?
54
What is the highest common factor of 208 and 528?
16
What is the greatest common factor of 12 and 8292?
12
Calculate the highest common factor of 150 and 9300.
150
What is the highest common factor of 5 and 17120?
5
What is the greatest common divisor of 12 and 8994?
6
Calculate the greatest common factor of 1216 and 532.
76
Calculate the highest common divisor of 255 and 425.
85
Calculate the highest common factor of 1395 and 93.
93
Calculate the greatest common divisor of 286 and 624.
26
Calculate the greatest common divisor of 18 and 1557.
9
Calculate the highest common divisor of 8 and 184.
8
Calculate the greatest common divisor of 22 and 5786.
22
Calculate the greatest common factor of 720 and 16.
16
What is the highest common divisor of 123 and 3321?
123
Calculate the greatest common divisor of 315 and 180.
45
What is the greatest common divisor of 133 and 57?
19
What is the highest common factor of 32 and 512?
32
What is the greatest common factor of 4 and 188?
4
What is the highest common factor of 2509 and 130?
13
What is the greatest common factor of 408 and 1581?
51
What is the highest common factor of 93 and 10633?
31
Calculate the greatest common divisor of 2363 and 17.
17
Calculate the greatest common factor of 86 and 122.
2
What is the highest common factor of 182 and 338?
26
What is the highest common factor of 6 and 19146?
6
What is the highest common factor of 2059 and 213?
71
What is the greatest common factor of 290 and 30?
10
What is the highest common factor of 36 and 11898?
18
What is the greatest common factor of 1339 and 39?
13
Calculate the greatest common divisor of 80 and 432.
16
What is the greatest common factor of 5214 and 1264?
158
What is the highest common divisor of 23 and 13?
1
Calculate the greatest common factor of 77 and 319.
11
What is the highest common divisor of 96 and 30?
6
Calculate the highest common divisor of 910 and 949.
13
What is the highest common factor of 270 and 450?
90
What is the greatest common factor of 245 and 315?
35
Calculate the highest common divisor of 3293 and 37.
37
Calculate the highest common factor of 84 and 840.
84
What is the highest common factor of 195 and 96?
3
Calculate the highest common divisor of 476 and 42.
14
Calculate the greatest common divisor of 42 and 2478.
42
What is the highest common factor of 30 and 525?
15
Calculate the highest common factor of 42 and 678.
6
Calculate the highest common divisor of 38394 and 474.
474
Calculate the greatest common divisor of 20 and 70.
10
Calculate the highest common divisor of 160 and 64.
32
Calculate the greatest common factor of 67 and 4.
1
What is the greatest common divisor of 16 and 440?
8
Calculate the greatest common factor of 228 and 444.
12
Calculate the greatest common divisor of 16 and 272.
16
What is the highest common factor of 4505 and 1060?
265
What is the greatest common factor of 77900 and 38?
38
What is the highest common divisor of 15 and 685?
5
What is the highest common divisor of 4734 and 48?
6
Calculate the greatest common factor of 103682 and 94.
94
What is the highest common divisor of 424 and 8?
8
Calculate the highest common factor of 50 and 1120.
10
Calculate the greatest common factor of 32 and 592.
16
What is the highest common divisor of 8 and 941?
1
Calculate the greatest common divisor of 45 and 15.
15
What is the highest common factor of 27 and 13473?
27
Calculate the greatest common factor of 984 and 33.
3
Calculate the highest common divisor of 182 and 42.
14
What is the greatest common divisor of 72 and 54?
18
What is the highest common factor of 259 and 629?
37
What is the highest common factor of 45 and 55?
5
Calculate the greatest common factor of 60 and 2460.
60
What is the highest common factor of 30 and 21?
3
Calculate the highest common factor of 21990 and 15.
15
What is the highest common divisor of 36 and 288?
36
What is the highest common factor of 33033 and 91?
91
Calculate the highest common divisor of 420 and 90.
30
What is the greatest common divisor of 24 and 15?
3
Calculate the highest common divisor of 72 and 162.
18
Calculate the highest common divisor of 230 and 138.
46
What is the greatest common factor of 600 and 1320?
120
Calculate the greatest common factor of 405 and 90.
45
What is the highest common divisor of 12 and 6492?
12
Calculate the highest common factor of 393 and 24.
3
What is the greatest common divisor of 4 and 6?
2
What is the highest common factor of 180 and 95?
5
Calculate the greatest common divisor of 5719 and 2408.
301
What is the greatest common factor of 660 and 75?
15
Calculate the highest common factor of 198 and 162.
18
What is the greatest common divisor of 7 and 77?
7
What is the greatest common factor of 3280 and 9225?
205
Calculate the highest common divisor of 1146 and 6.
6
What is the greatest common divisor of 14 and 98?
14
Calculate the highest common divisor of 2880 and 3060.
180
What is the greatest common divisor of 1000 and 240?
40
What is the highest common factor of 1274 and 26?
26
Calculate the greatest common divisor of 324 and 2187.
81
What is the greatest common factor of 100 and 150?
50
What is the highest common divisor of 32 and 656?
16
What is the greatest common factor of 528 and 2928?
48
Calculate the highest common divisor of 2499 and 294.
147
What is the greatest common divisor of 791 and 49?
7
What is the greatest common factor of 290 and 377?
29
What is the greatest common factor of 4 and 454?
2
What is the greatest common factor of 533 and 26?
13
Calculate the greatest common factor of 1408 and 66.
22
Calculate the greatest common factor of 98 and 2401.
49
What is the greatest common factor of 1475 and 25?
25
What is the highest common factor of 20 and 1420?
20
What is the greatest common divisor of 3465 and 189?
63
Calculate the highest common divisor of 32 and 3.
1
Calculate the highest common divisor of 89 and 89.
89
What is the greatest common factor of 100 and 60?
20
What is the highest common factor of 52 and 4?
4
Calculate the greatest common divisor of 540 and 1010.
10
What is the highest common divisor of 57 and 3249?
57
What is the greatest common factor of 26 and 91?
13
What is the highest common factor of 954 and 54?
18
What is the highest common divisor of 308 and 224?
28
Calculate the highest common factor of 294 and 70.
14
What is the highest common divisor of 497 and 7?
7
What is the highest common factor of 6 and 501?
3
Calculate the greatest common divisor of 200 and 22.
2
What is the greatest common factor of 328 and 287?
41
What is the greatest common factor of 33 and 2035?
11
What is the greatest common factor of 48 and 138?
6
Calculate the greatest common divisor of 3 and 3.
3
Calculate the greatest common factor of 871 and 26.
13
What is the greatest common divisor of 15 and 75?
15
Calculate the highest common divisor of 3296 and 1339.
103
What is the highest common divisor of 808 and 8?
8
What is the greatest common factor of 285 and 3040?
95
Calculate the highest common divisor of 108 and 693.
9
Calculate the highest common factor of 18 and 7146.
18
What is the highest common factor of 108 and 10557?
27
Calculate the greatest common divisor of 15730 and 40.
10
What is the greatest common divisor of 220 and 30?
10
What is the highest common divisor of 6300 